ose p - 428 + 73 = -5*t, 3*p = t + 1017. What is the tens digit of p?
4
Suppose 2*l - 36 = 6*l. What is the tens digit of ((-138)/(-9))/((-6)/l)?
2
Let f = -2543 + 3857. What is the units digit of f?
4
Suppose 4*l = 2*l - 12. Let x be ((-44)/(-6))/((-2)/l). Let u = -12 + x. What is the tens digit of u?
1
Suppose 5*j - 3*d = -2*d - 81, 4*d - 20 = j. Let g = -13 - j. Suppose g*i = -0*i + 177. What is the units digit of i?
9
Let t = 4 - 7. Let p(x) = 26*x**3 - 3*x**2 - 3*x + 1. Let c(z) = 27*z**3 - 4*z**2 - 4*z + 1. Let r(q) = t*c(q) + 4*p(q). What is the tens digit of r(1)?
2
Let c(z) = 4*z**2 + 20*z - 6. What is the tens digit of c(9)?
9
Suppose 59 = u - 5*o + o, -4*u + 160 = 3*o. Let j = 31 - u. Let v(q) = -q**2 - 15*q - 8. What is the tens digit of v(j)?
2
Suppose -17*k + 11088 = -5538. What is the units digit of k?
8
Suppose 230 = -4*z + k + k, z + 57 = k. Let y = z + 122. Suppose -d - 3*d = -y. What is the units digit of d?
6
Let d(q) be the second derivative of -q**4/12 - 5*q**3/6 + q**2 - 8*q. Let g be d(-5). Suppose a + 53 = g*a + 4*u, -a + 3*u = -18. What is the tens digit of a?
3
What is the tens digit of 971/4*(-52 + 56)?
7
Suppose -17*g + 10369 = -2806. What is the tens digit of g?
7
Let q(y) = y**2 - 10*y - 22. What is the units digit of q(-7)?
7
Let h be 2/(-13) - 2897/13. Let r = h - -97. What is the units digit of (10/(-5))/(4/r)?
3
Suppose 5*t - 5*a + 8490 = 0, 6*t - t + 8502 = a. What is the units digit of 3/12 - t/28?
1
Suppose 0*d + 3*h = 4*d + 4, -5*d - 5*h = -30. Suppose 5*r = s + 24, -5 = -5*r + d*s + 18. Suppose -r*m = -4 - 11. What is the units digit of m?
3
Let o(y) = -y + 14. Let m be o(9). Suppose -116 = m*l - 7*l. Suppose -w + 30 = -5*z, 5*w - 2*z - l = -0*z. What is the tens digit of w?
1
Let m(z) = 8*z - 32. Let p(f) = f. Let v be p(2). Suppose -5*n - 4*g - 45 = -131, -2*n + 36 = v*g. What is the tens digit of m(n)?
8
Let j be (-55)/3 - (-2)/6. Let x be 4/j + (-164)/(-9). Let w = x + 5. What is the tens digit of w?
2
Let g(w) = -w**3 - 8*w**2 - 7*w + 14. Let t = 15 - 24. What is the units digit of g(t)?
8
Let c(o) = o**3 + 12*o**2 + 10*o + 16. Suppose 0 = 2*m - 3*m - 22. Let k = m + 11. What is the units digit of c(k)?
7
Let p(s) = -s**2 - 2*s - 2. Let j be p(-1). Let d be 4 + (j/(-1) - 8). What is the units digit of ((-20)/(-2))/(-1 - d)?
5
Suppose -b = b - 4. Suppose -6*x - b = -7*x. What is the tens digit of 9*(-1 + 2 + x)?
2
Suppose 0 = -4*o + 7*o - 2286. What is the units digit of o?
2
Let f = 3999 + -2054. What is the thousands digit of f?
1
Let q(p) = 13*p**3 - 2*p**2 - 3*p - 4. Let b be q(-4). What is the tens digit of 14/35 - b/10?
8
Let h(u) = -7*u + 12. Let k be h(-9). Suppose -2*l = -l + 5*v - 7, -k = -3*l + 3*v. What is the units digit of l?
2
Let o be 391 + (9/21 - 54/(-21)). Let w = 658 - o. What is the units digit of w?
4
Let w(l) = -l**2 + 7*l - 9. Let o be w(5). Let v(a) = -3*a - 1. Let d be v(o). What is the units digit of (-20)/5*2/d?
2
Suppose -7312 = -7*y - 1376. What is the units digit of y?
8
Suppose x - 6 = -0. Suppose 20 = -r + x*r. Suppose -3*t + 25 = r. What is the units digit of t?
7
What is the tens digit of 10/(-40)*4*-113?
1
Suppose 4*d = -2*v + 3826, 4*v - 24 + 4 = 0. What is the tens digit of d?
5
Let x(c) = -c**3 + 5*c**2 - 4*c + 13. Let t be x(7). Let w = t - -188. What is the tens digit of w?
7
Suppose 2*j + j = 0. Suppose j*d = -2*d. Suppose 4*i - 4 - 24 = d. What is the units digit of i?
7
Suppose -18*z = -17*z - 4732. What is the hundreds digit of z?
7
Suppose 0 = -3*n - 0*n + 12. Let j(c) = c**3 - 2*c**2 - c - 3. Let m be j(4). Suppose -b - 115 = -n*k, k + b - m = 5*b. What is the tens digit of k?
2
Let o be (32/(-48))/(2/(-180)). Let t = -1 + 20. Let q = o - t. What is the tens digit of q?
4
Let c(f) = -6*f + 1. Let m be c(-4). Suppose -2*l = 5*j - m, -j + 2*j - 5*l = 5. Suppose j*r + y + 4*y = 60, -3*y - 52 = -5*r. What is the tens digit of r?
1
Suppose -5*k - 1630 = -5*n, -9*k + 341 = n - 13*k. What is the units digit of n?
1
Let z(c) = c**2 + 3*c. Let j be z(-4). Suppose -3 = j*f + 5. What is the tens digit of ((-47)/3 - f)*-3?
4
Let k be 3/(5/((-20)/(-3))). Suppose 2*r = -k*r. Suppose 4*o = b + o - 48, r = -2*o - 6. What is the units digit of b?
9
Let u(l) = -l**2 + 20*l + 510. What is the units digit of u(0)?
0
Suppose 4*y - 5*m = 3705, 0*y + 2*y = 3*m + 1851. What is the tens digit of y?
3
Suppose 2*t - t - f = 671, 0 = 2*t - 5*f - 1339. What is the tens digit of t?
7
Suppose -2*r - 7 + 3 = 0. Let o(f) = -2*f**3 - 3*f**2 - 2*f - 3. Let g be o(r). Let t = -3 + g. What is the units digit of t?
2
Suppose -4*y - 2*l = -9 - 3, 5*y - 4*l = 28. Suppose -y*t + d + 198 = 0, 5*t - 5*d - 40 = 4*t. What is the tens digit of t?
5
Let j = -105 + 135. What is the tens digit of 5/j + 1*382/12?
3
Let w(f) be the third derivative of -f**5/60 - 11*f**4/12 + 7*f**3/3 - 25*f**2. What is the units digit of w(-22)?
4
Suppose -31*x + 41*x = 13660. What is the tens digit of x?
6
Suppose 5*x = 5*i - 6260, 1410 = 4*i - x - 3583. What is the thousands digit of i?
1
Let j = 249 - 36. Suppose 3*z = -3*b + j, -b = -0*b + 4. What is the tens digit of z?
7
Let i(o) = -o - 13. Let l be i(-12). Let q(s) = -65*s**3 + 3*s**2 + 2*s. What is the units digit of q(l)?
6
Let j = 27 - 4. Let q = -21 + j. Suppose 2*i - 37 = -5*f, 36 = 3*i + q*f - f. What is the tens digit of i?
1
Let c(p) = 10*p**2 + 2*p + 1. Suppose s = 4*t + 15 + 19, -t - 61 = -4*s. Let m = s - 15. What is the units digit of c(m)?
9
Let b(r) = -r**3 - 3*r**2 - 3*r + 5. Let f be b(-4). Suppose -2*p - 2*g = 2*p - 6, 1 = g. Suppose -f = -2*a + p. What is the tens digit of a?
1
Let h(s) = 12*s**2 + 15*s - 6. What is the tens digit of h(4)?
4
Let q = -20 + -15. Suppose 0 = -2*h + a, h + 16 = 5*h + 2*a. Let w = h - q. What is the units digit of w?
7
Let o(l) = -9 + 3*l - 2*l**2 + 3*l**2 + 2*l**2. What is the tens digit of o(-4)?
2
Suppose n - 423 = s, s - 453 + 24 = -n. What is the units digit of n?
6
Let d be (6/2)/((-3)/132). Let b = d - -268. Suppose 0*q = -2*q - k + b, q - 68 = -3*k. What is the tens digit of q?
6
Suppose -5*f = -3*d - 21, -3*f - 2*d + 5 = -0*f. What is the hundreds digit of ((-5)/10)/(f/(-1296))?
2
Suppose 11 = -3*w + 176. Suppose w = 3*d - 2*d. What is the tens digit of d?
5
Let c(d) = -7*d - 15 + 51 - 24 - d**2. What is the units digit of c(-8)?
4
Let m(y) be the second derivative of y**4/12 - y**3/2 + 3*y**2/2 - y. Let w = -59 + 56. What is the tens digit of m(w)?
2
Suppose 0 = 4*c - 4*a - 3196, 3*a + 0*a + 797 = c. Suppose -3*u = -6*u - 12. What is the tens digit of c/44 + u/22?
1
Let y(h) = -17*h + 907. What is the units digit of y(0)?
7
Let z(t) be the third derivative of t**6/120 - 13*t**5/60 + t**4/4 - 10*t**2. What is the units digit of z(13)?
8
Suppose -6*n + 3*n + 12 = -3*m, -5*n + 30 = 5*m. Suppose -n*v + 20 + 15 = 0. What is the units digit of (-1)/1*(v + -50)?
3
What is the tens digit of ((-28)/(-1))/((-6)/(-36))?
6
Suppose -2*c - 11 = -17. Suppose -328 + 91 = -c*o. What is the units digit of o?
9
Let s = 18 - -67. Suppose 4*n - s = 35. What is the units digit of n?
0
Suppose -3*b = -2*j - 4, 0 = -4*b + 7*b + 4*j - 10. Suppose -5*t - b = -a, 5*t - 2 = t - a. Suppose t*y = y - 19. What is the tens digit of y?
1
Let j(m) = m**2 + 2*m + 3. Suppose -2 = 4*r + 6. Let f be j(r). Suppose -y = f*g - 8, -4 - 6 = -5*g. What is the units digit of y?
2
Let s be 3/(-2)*1*(-40)/12. Suppose -u - s*z + 118 = -0*z, 4*z = -2*u + 236. What is the tens digit of u?
1
Suppose 2*h = 5*o + 620 + 309, 5*h - 5*o - 2285 = 0. What is the tens digit of h?
5
Let g(z) = 38*z**2 + 41*z + 131. What is the hundreds digit of g(-8)?
2
Suppose 4*w + 3*b = 1919, -5*b + 928 + 503 = 3*w. What is the tens digit of w?
8
Suppose 5*m - 4*p = 2079, 5*p + 2667 = 5*m + 592. What is the hundreds digit of m?
4
Let p(m) = -m**2 + 18*m + 5. Let u be p(18). Suppose -u*h = 3*h - 1144. What is the units digit of h?
3
Let d(x) = x**3 + 12*x**2 - 3*x - 18. Let a be d(-12). Suppose -4*v + 664 = -5*r, v + 3*r - a - 165 = 0. What is the units digit of v?
1
Suppose 15*r + 1620 = 20*r. What is the hundreds digit of r?
3
Let f(c) = 49*c**3 - 8*c**2 + 16*c - 10. What is the hundreds digit of f(3)?
2
What is the tens digit of 5 + 1464 + (-3 + 4)*-7?
6
What is the tens di